 = -541 - -599. What is the tens digit of u?
5
Let i(g) = -g**3 + 4*g**2 + 5*g - 3. Let h be i(6). What is the units digit of 9/(h/(-320)) + -1?
3
Let u = 1058 - 630. What is the hundreds digit of u?
4
Suppose 4*o + 6 = 3*a - 4*a, 12 = 5*a - o. Suppose -92 = -2*s + 5*z, 0 = -0*s - a*s - 2*z + 78. What is the tens digit of s?
4
Let b be 189/18 - (-2)/(-4). Suppose 2*i - b = 0, -3*d - 2*i + 263 = -110. What is the tens digit of d?
2
Suppose 3*o = 5*p - 87, -2*o = 3*o - 5. Let j be (-3)/p + (-506)/(-12). Suppose -3 - j = -3*s. What is the tens digit of s?
1
Let g = -37 - -52. Suppose 4*r = r + g. Suppose k = 4*q - 112, -r*q = -k - 110 - 31. What is the units digit of q?
9
Suppose -2*x = x - 3*l - 3369, 3361 = 3*x + l. What is the units digit of x?
1
Suppose -4*k + 105 = 117. What is the hundreds digit of 3 - ((-222)/2 - k/3)?
1
Suppose 326*f - 319*f - 378 = 0. What is the tens digit of f?
5
Suppose -34*a = 4*j - 31*a - 2938, -8 = 4*a. What is the hundreds digit of j?
7
Let p(k) = -2*k + 29. Let a be p(12). Suppose a*y = -15, -2*l + 58 = 4*y + 20. What is the tens digit of l?
2
Suppose -2*x - 3 + 13 = 0. Suppose -2*b - 30 = 4*z - 5*z, -x*z - 2*b + 162 = 0. Suppose 4*i + 3*a - 118 = 0, 2*a - z = -i - 5. What is the units digit of i?
1
Suppose -5*b + 2*r = -2*r - 1, 0 = b + 4*r + 19. What is the units digit of -5 - (b - (2 + 249))?
9
Let j(x) = x**2 + 18*x. Let g be j(-18). Suppose 0 = 4*w - l - 179, -2*l = -3*w - g*l + 138. What is the tens digit of w?
4
Let y = -28 + 37. Suppose y*h - 1642 = -337. What is the hundreds digit of h?
1
Let x = 1142 + -676. Suppose -25 = -3*d + 5*i + 486, 4*i = -3*d + x. What is the units digit of d?
2
Let m(k) = 44*k**2 + 79*k + 14. What is the tens digit of m(-7)?
1
Suppose v + 2*g - 3*g = 0, g = -2*v + 9. Suppose x = 2*r - 1, 40 = 5*x + 2*r + v*r. What is the units digit of x?
5
Suppose 5*g - 6 = -2*r - 0, -g - 4*r = -12. Suppose g = 16*l - 21*l + 195. What is the units digit of l?
9
Let c(k) = 4*k**2 + 23*k - 88. What is the units digit of c(9)?
3
What is the units digit of (3036/(-15))/((-6)/15)?
6
Suppose 4*u + 4*y = 13616, 7*u - 10206 = 4*u - y. What is the hundreds digit of u?
4
Let h = 2075 - 503. What is the units digit of h?
2
Let o be 3/(2 + 1 - 2). Suppose -5*i - o + 18 = 0. Suppose -i*w - 8 = -41. What is the units digit of w?
1
Suppose -5*j - 107 = 3*i + 40, -3*i + 3*j = 123. Let x = -9 - i. What is the tens digit of x?
3
Let y = -22 + 26. Suppose -5*j + 503 = 2*n - 6*n, 2*j - 206 = y*n. What is the tens digit of j?
9
Let q(a) = 3*a**2 + 2*a - 2. Let k be q(-2). Suppose 2*z + 5 = 1, 0 = 3*c - 4*z - 44. Let l = c - k. What is the units digit of l?
6
Let f(q) = -q**2 - q + 55. Suppose -28 = -2*i + 4*p - 8*p, 0 = i - 5*p + 21. Suppose 4*n - 9 + 1 = -3*s, i*n = 8. What is the tens digit of f(s)?
5
Suppose 16 - 2 = -2*l + 2*f, -15 = 3*l - f. Let c be 2/(-6) + (-128)/(-6). Let m = l + c. What is the tens digit of m?
1
Suppose -557 = -3*f - 2. Suppose 50 = 2*j - g - 24, 5*g = -5*j + f. Suppose p - 3*u = j, -2*u + 270 = 6*p - p. What is the tens digit of p?
5
What is the tens digit of (-96)/(-240) + (-16)/(-10) + 471?
7
Suppose 1737 - 345 = 2*h. What is the tens digit of h?
9
Let l be 2/(-13) + (-67)/(-13). Let u be (-3 + l)*(-110)/(-4). Suppose -31 = -2*t + u. What is the units digit of t?
3
Let v be -10 + 8 - 4*-1. Let y(h) = -7 + 2*h + 4 + 15*h**2 + v. What is the tens digit of y(1)?
1
Let d(u) = 21*u**2 + u + 489. What is the units digit of d(0)?
9
Let n(z) = -33*z**2 - 19*z + 12*z - 24 + 53*z**2 - 19*z. Let w(p) = -7*p**2 + 9*p + 8. Let r(d) = 6*n(d) + 17*w(d). What is the tens digit of r(6)?
1
Suppose -19*q + 14*q = -20. Let g = -511 + 771. Suppose q*u = g - 16. What is the units digit of u?
1
Let p(h) = -h**3 + 4*h**2 + 2*h - 6. Let v be p(4). Suppose 68 + 15 = 5*g - v*k, g - 3*k = 14. What is the units digit of g?
7
Let n be 1/(21/621) - (-3)/7. What is the units digit of (n/(-7))/(8 + 225/(-28))?
0
Let v(s) = -s - 6. Suppose a + 26 + 7 = -3*u, 3*a = -5*u - 59. Let p be v(u). What is the tens digit of (-27)/p*(-64)/24?
1
Let z(y) = y - 1. Let p be z(8). Let j(a) = -4*a + 4. Let m be j(p). Let d = m + 41. What is the units digit of d?
7
Let v(q) = -4*q**3 - 2*q + 1. What is the units digit of v(-2)?
7
Suppose 0 = -2*d - 2*d. Suppose d = u + 3, 3*p + 0*u - 42 = 2*u. What is the units digit of p?
2
Suppose -2*b = -b - 4*s + 2, s + 5 = 3*b. Suppose -b*y + 48 = y. What is the tens digit of y?
1
Let b(p) = -14*p - 60. Let c be b(-8). Suppose 0 = -y + d + 7, 2*d = 5*y + 20 - 58. Let n = c - y. What is the tens digit of n?
4
Suppose 65 = 3*k + 2. Let t = k - -91. What is the tens digit of t?
1
Let v(m) = m**2 + 69 - 3*m**3 - 9 + 4*m**3. What is the units digit of v(0)?
0
Suppose 3*s - 79 - 1176 = -2*w, -s - w = -420. What is the units digit of s?
5
What is the units digit of -96*((-8520)/400 - (-2)/(-10))?
4
Let d = -20 - 82. What is the tens digit of (-2050)/(-9) - 1 - d/459?
2
Let b(t) = -t**3 + 11*t - 7. Let d(u) = -u**2 - 12*u - 26. Let c be d(-10). What is the tens digit of b(c)?
4
What is the hundreds digit of ((-8)/6 - -1)/(13/(-8034))?
2
Let x = 57 - -9. Let l = x - 23. Let z = l + -26. What is the units digit of z?
7
Suppose 0*q - 6 = -2*q. Suppose l + 2*l - 123 = 3*p, -q*l - p = -119. What is the tens digit of l?
4
Suppose -4*s - 2*q = -9*s + 19, 3*s - q - 11 = 0. Let j(x) = -s*x + 4*x - 13*x**3 + x**2 + 3 - 2. What is the units digit of j(-1)?
4
Let v be (-376)/(-40) + (-6)/(-10). Let i = 12 - v. Suppose -4*y + 68 = -0*s - i*s, -5*y = 4*s - 98. What is the tens digit of y?
1
Suppose -6*y - 70 = 5*n - 5*y, -5*y = 0. What is the units digit of 2/(16/(-164))*n + -1?
6
Let l(h) = h**3 - 3*h**2 + h - 3. Let t be l(3). Suppose 3*a = n + 56, t*a - n = a - 16. Let w = a + -3. What is the tens digit of w?
1
Suppose -19*x = 22*x - 17097. What is the hundreds digit of x?
4
Let a be (-6)/(-9) + 12/9. Let r(p) = -1 + 1 + 8 - p**2 + 2*p + a*p**2. What is the tens digit of r(-7)?
4
Let f(y) = -44*y**3 - 2*y**2 - 6*y + 1. Let a(d) = -131*d**3 - 6*d**2 - 17*d + 3. Let k(v) = 6*a(v) - 17*f(v). What is the units digit of k(-1)?
7
Let j(i) = -2*i**3 - 3*i**2 - 5*i - 4. Let t(s) = 2*s**2 + s + 1. Let l be t(-2). Let v(d) = d**2 - 5*d - 16. Let z be v(l). What is the units digit of j(z)?
0
Suppose 0 = 4*y - 0 + 16. What is the tens digit of 2/y*(-2 - 150)?
7
Let j(m) be the first derivative of 2*m**3 - 3*m**2/2 - 3*m + 34. Let l = -9 - -8. What is the units digit of j(l)?
6
Let r be 2/6 - 11/(-3). Suppose -r*y = 4*i - 184, 2*i + 2*y - 6*y - 74 = 0. Suppose -q - i = -5*k, 4*k - 4*q = -0*k + 28. What is the units digit of k?
9
Let j = 110 + -174. Let a = j + 123. What is the tens digit of a?
5
Let o(k) = 247*k**2 - 6*k + 13. What is the thousands digit of o(3)?
2
Let y = -4156 - -6536. What is the units digit of y?
0
Let k(o) = o**2 - 11*o + 39. Let p be k(5). Suppose 0 = p*w + 4*w - 338. What is the tens digit of w?
2
Suppose -11*w + 6*w = 0. Suppose w = -2*i + 3*i - 3. Suppose -i*t + 57 = x, -t - 96 - 25 = -2*x. What is the units digit of x?
0
Let y(c) = -c**2 - 10*c - 14. Let u be y(-8). Suppose 5*o - 2*t - 204 = 0, 0*o + 2*o - 87 = -t. Let r = o - u. What is the units digit of r?
0
Let b(p) = -p**2 + 13*p + 18. Let s be b(14). Suppose -156 = s*c - 8*c. What is the tens digit of c?
3
What is the units digit of ((-17584)/196)/((-2)/42)?
4
Let z = -12 + 15. Let a(u) = -7 - 5*u**2 + 6*u - 11*u**3 - 8*u**z + 21*u**3. What is the units digit of a(3)?
0
Let s be 9 + 120 - (-2*1 + 1). Suppose 2*n - 104 - s = 0. What is the units digit of n?
7
Suppose -s = -5*s + 4700. What is the hundreds digit of s?
1
Let p(f) = -f**3 - 5*f**2 + 4*f + 5. Let o be p(-5). Let m = o - -25. Suppose a = -y + 1, -4*a = 2*y + 4 - m. What is the units digit of a?
2
Let k(d) = -4*d - 1. Let a be k(-1). What is the units digit of ((-471)/2)/a*-2?
7
What is the units digit of 18870/24 - 4/80*5?
6
Let u(i) = i**2 + 4*i + 15. Let j be u(-6). What is the units digit of (-4)/18 + 168/j?
6
What is the thousands digit of ((-12807)/12)/(15/(-60))?
4
Let p = 722 - 418. What is the tens digit of p?
0
Let w(x) = 26*x**2 + 4*x - 5. What is the tens digit of w(6)?
5
Suppose -4*d = -5*u - 264, 7*u - 3*u = -2*d + 158. What is the tens digit of d?
7
What is the hun